 of 1697?
True
Is 456276 a multiple of 88?
False
Is 493790020 a multiple of 107?
True
Is 114 a factor of 39937714?
False
Does 327 divide 3756903?
True
Is 45298528 a multiple of 176?
True
Is 2464 a factor of 553002953?
False
Is 1454 a factor of 54343049?
False
Is 67 a factor of 1579349653?
False
Is 21225028 a multiple of 23?
False
Is 35 a factor of 45729527?
False
Does 10 divide 39542143?
False
Is 464192654 a multiple of 171?
False
Is 9093426 a multiple of 7?
False
Is 14 a factor of 1670750228?
True
Is 739 a factor of 6416737?
True
Is 13 a factor of 51574546?
False
Is 26 a factor of 27878240?
True
Does 1715 divide 3956505?
True
Is 4277 a factor of 1727860953?
True
Does 15 divide 17913914?
False
Is 34036536 a multiple of 536?
True
Does 13 divide 59985146?
True
Does 8 divide 4680999864?
True
Is 19469608 a multiple of 254?
True
Is 3163755 a multiple of 15?
True
Does 394 divide 29659138?
True
Is 4 a factor of 177174116?
True
Is 5 a factor of 2532161?
False
Does 14 divide 59473204?
True
Does 17 divide 1741633799?
True
Is 7 a factor of 1305175067?
True
Is 32 a factor of 93621459?
False
Is 10 a factor of 4081861?
False
Is 27609 a multiple of 324?
False
Does 2 divide 24644414?
True
Does 9 divide 200372364?
True
Does 1008 divide 959084366?
False
Does 157 divide 77478541?
False
Does 5 divide 67279893?
False
Is 25758300 a multiple of 50?
True
Is 221323735 a multiple of 709?
False
Is 643 a factor of 56401667?
False
Is 108 a factor of 16604352?
True
Is 147145099 a multiple of 91?
False
Is 92077570 a multiple of 2770?
True
Does 1995 divide 6335271?
False
Does 60 divide 1145349600?
True
Is 7009206 a multiple of 2?
True
Does 100 divide 238859800?
True
Is 8 a factor of 37725179?
False
Does 4344 divide 335817264?
True
Does 20 divide 13339740?
True
Does 12 divide 655867249?
False
Does 47 divide 93231832?
True
Does 2068 divide 114546520?
True
Is 9358958 a multiple of 24?
False
Does 7 divide 1382141079?
False
Is 139 a factor of 52010292?
False
Is 124 a factor of 2939495545?
False
Does 21 divide 1820702583?
True
Is 85488480 a multiple of 16?
True
Is 26 a factor of 364991340?
False
Does 3 divide 148399095?
True
Does 874 divide 2626472258?
True
Is 61696250 a multiple of 77?
True
Does 2180 divide 9786020?
True
Is 113 a factor of 858010356?
True
Is 57 a factor of 26390637?
False
Is 5753 a factor of 41991147?
True
Does 2739 divide 2546280268?
False
Is 576080068 a multiple of 137?
True
Does 15 divide 5440331320?
False
Is 43160350 a multiple of 565?
True
Does 327 divide 163925928?
False
Is 32 a factor of 1412465?
False
Is 102 a factor of 2231550696?
True
Does 12 divide 8136312?
True
Is 4303 a factor of 399653058?
False
Is 4377840 a multiple of 680?
True
Is 992 a factor of 121926830?
False
Does 3757 divide 140354006?
True
Does 361 divide 32924911?
False
Is 110 a factor of 1560055200?
True
Is 586397280 a multiple of 40?
True
Is 15 a factor of 39057479?
False
Is 679383891 a multiple of 24?
False
Is 5003 a factor of 3985750016?
True
Is 1061032090 a multiple of 566?
True
Is 40089773 a multiple of 153?
False
Does 19 divide 341100065?
True
Is 402942168 a multiple of 3987?
True
Is 5529 a factor of 667543815?
True
Is 6 a factor of 1989624?
True
Is 3182 a factor of 2412134192?
True
Does 606 divide 1401382644?
False
Is 451693621 a multiple of 96?
False
Is 72382727 a multiple of 379?
False
Is 1856142756 a multiple of 1326?
True
Is 70 a factor of 132013560?
True
Is 661 a factor of 13226610?
True
Is 14102154 a multiple of 198?
True
Is 32461910 a multiple of 65?
True
Is 219 a factor of 657836558?
False
Is 3352478 a multiple of 142?
True
Is 1894 a factor of 21111411?
False
Is 188464983 a multiple of 1939?
True
Is 39 a factor of 344437802?
False
Is 1190217590 a multiple of 2330?
True
Is 12745512 a multiple of 801?
True
Is 19 a factor of 77645989?
True
Is 7395 a factor of 2989155135?
True
Is 904 a factor of 61195158?
False
Is 1606642 a multiple of 659?
True
Is 905362160 a multiple of 892?
True
Is 61480638 a multiple of 1377?
False
Does 17 divide 44289629?
False
Is 86 a factor of 20578957?
False
Does 8747 divide 230159811?
True
Is 55 a factor of 4732475?
True
Is 9 a factor of 428613831?
True
Does 7 divide 270132912?
True
Is 48 a factor of 535440?
True
Does 534 divide 4989464?
False
Is 60 a factor of 15501151?
False
Does 39 divide 3684798?
True
Is 400 a factor of 326682435?
False
Does 40 divide 131524?
False
Does 67 divide 500845977?
False
Is 163799078 a multiple of 15?
False
Is 55 a factor of 7563741?
False
Is 238 a factor of 1325479098?
False
Is 6 a factor of 4031034?
True
Does 11 divide 248874344?
False
Is 1357437 a multiple of 898?
False
Is 105701478 a multiple of 17?
True
Is 1582417201 a multiple of 253?
False
Is 1792463762 a multiple of 53?
False
Is 194322865 a multiple of 86?
False
Is 1998 a factor of 145803856?
False
Does 2092 divide 133143248?
True
Is 23 a factor of 199898297?
False
Is 63625420 a multiple of 58?
True
Is 98218930 a multiple of 15?
False
Is 17 a factor of 122724071?
True
Is 144844471 a multiple of 103?
True
Is 8 a factor of 62823624?
True
Is 620 a factor of 25279260?
True
Is 30630480 a multiple of 496?
True
Does 6 divide 13516474?
False
Is 78168555 a multiple of 45?
True
Does 2299 divide 157990333?
False
Does 15 divide 33009165?
True
Is 1442 a factor of 4789975194?
False
Is 930 a factor of 309848762?
False
Is 4855 a factor of 200003720?
False
Is 1330598880 a multiple of 912?
True
Is 1117551109 a multiple of 173?
True
Does 527 divide 617141835?
False
Is 111468496 a multiple of 254?
False
Is 10 a factor of 1454255387?
False
Does 83 divide 51492264?
False
Is 8510 a factor of 3720435128?
False
Does 11 divide 19362541?
True
Is 228 a factor of 10111716?
False
Is 378332484 a multiple of 51?
True
Is 109151910 a multiple of 1361?
False
Is 853 a factor of 903442155?
True
Is 29444202 a multiple of 27?
True
Is 49 a factor of 1604895440?
False
Is 60443160 a multiple of 136?
True
Is 2971 a factor of 2034588336?
True
Is 15 a factor of 94255065?
True
Is 25 a factor of 479750647?
False
Does 49 divide 31289368?
False
Is 2412450 a multiple of 64?
False
Is 18 a factor of 1539616050?
True
Does 233 divide 2960806?
False
Does 5279 divide 251513087?
False
Is 176 a factor of 8012939?
False
Does 15 divide 97049084?
False
Is 3 a factor of 3626867?
False
Is 45 a factor of 1943730945?
True
Is 112 a factor of 153143984?
True
Is 113332 a multiple of 4?
True
Is 77 a factor of 6203967?
True
Does 34 divide 32830900?
False
Is 5803 a factor of 973714836?
False
Is 536 a factor of 95901572?
False
Is 2121039452 a multiple of 7?
True
Is 208381891 a multiple of 12?
False
Does 12 divide 1710280?
False
Is 2596 a factor of 224958590?
False
Is 119 a factor of 49062724?
False
Is 362 a factor of 16562358?
False
Is 245884728 a multiple of 4223?
False
Is 2102 a factor of 122840880?
True
Is 4 a factor of 15927872?
True
Is 230501096 a multiple of 119?
True
Is 68107648 a multiple of 128?
True
Is 641 a factor of 49038154?
False
Is 99656355 a multiple of 633?
True
Is 634 a factor of 2439510?
False
Does 10 divide 5915922?
False
Does 197 divide 4557398?
True
Is 2004282840 a multiple of 84?
True
Does 497 divide 313869416?
True
Does 189 divide 12200906?
False
Is 23382782 a multiple of 4188?
False
Does 14 divide 6554168?
False
Is 50 a factor of 2567430600?
True
Does 78 divide 52614432?
True
Does 23 divide 3039204337?
True
Is 109 a factor of 19170559?
False
Is 13768 a factor of 1662536082?
False
Is 159 a factor of 16774977?
True
Does 701 divide 487705328?
True
Is 3656 a factor of 61300152?
True
Is 213 a factor of 7025592?
True
Does 71 divide 79332848?
False
Is 38933672 a multiple of 17?
True
Does 20 divide 6414437?
False
Is 47 a factor of 40701483?
True
Is 40 a factor of 61484819?
False
Is 82 a factor of 1563317126?
True
Is 2953435890 a multiple of 97?
False
Is 140840882 a multiple of 4579?
True
Is 11 a factor of 180295391?
False
Is 1625659430 a multiple of 4241?
False
Does 690 divide 24192090?
True
Is 1397179866 a multiple of 74?
True
Is 1955 a factor of 678762315?
True
Is 42 a factor of 84101136?
True
Does 577 divide 347756528?
False
Is 65 a factor of 386237536?
False
Is 146209646 a multiple of 1826?
True
Is 175711870 a multiple of 970?
False
Is 44461364 a multiple of 27?
False
Is 1104943680 a multiple of 752?
True
Is 31